z) + 11*m(z). Let c be y(3). Calculate r(c).
14
Let a(g) = -40*g**2 - 16*g + 15. Let z(h) = 86*h**2 + 34*h - 32. Let u(v) = -13*a(v) - 6*z(v). What is u(0)?
-3
Suppose 3*h - 5*d = 75, -2*h - 18*d = -22*d - 52. Let y(o) = -o**2 + 14*o + 116. Calculate y(h).
-4
Let x(r) = -6*r**2 + 2*r. Let u(j) = 2*j**2 + j. Let z(h) = h**3 + 33*h**2 - 71*h - 34. Let o be z(-35). Let c(q) = o*x(q) + 5*u(q). Calculate c(-2).
2
Let n(x) be the second derivative of -x**4/12 + 5*x**3/6 + 4*x**2 - 212*x. Determine n(7).
-6
Let l(h) = -h**2 + 9. Suppose 0 = 2*p - 7*p + r + 56, 2*p - r = 20. Suppose 0 = -4*d + 3*m + 12, 3*m + 0*m + p = -5*d. What is l(d)?
9
Let d = 4 + -4. Let r(n) be the third derivative of -3/2*n**3 + 1/24*n**4 - 2 + 0*n + 26*n**2. What is r(d)?
-9
Let u(a) be the first derivative of -1/12*a**4 + 0*a**2 + 0*a - 1/40*a**5 + 5/3*a**3 - 12. Let s(w) be the third derivative of u(w). Determine s(-3).
7
Let x be (-5)/((-291)/(-51) - 6). Suppose -f - x = -7. Let n(q) = -12 + 0*q**3 + q**3 + 9*q**2 + 2 - 2*q - 10*q. Calculate n(f).
10
Let m be ((-1)/2)/(4/(-24)). Suppose -16*y + 21*y - 50 = 0. Let d(i) = y*i + 5 - 2 - 17*i. Calculate d(m).
-18
Let o(a) = -a**3 - 18*a**2 - 4*a + 17. Let y(l) = 3*l**2 + 75*l + 390. Let r be y(-17). What is o(r)?
89
Let w(i) = -i + 7. Let k(s) = 3*s - 5. Let n(j) = k(j) - w(j). Calculate n(0).
-12
Let d(w) = 9*w - 4. Suppose -2*j = -3*a - 25, -4*j = -9*a + 11*a - 58. What is d(j)?
122
Suppose -2*v - 28 = -4*q, 7*v = -5*q + 2*v + 65. Suppose u + 10*b - 6 = 7*b, -2*u + b - q = 0. Let d(a) = -a**2 - a - 1. Determine d(u).
-7
Let f(h) = 3*h**2 + 3*h + 18. Suppose 320 - 72 = -z - 61*z. Determine f(z).
54
Let z be (-9*6/(-162))/((-2)/(-210)). Let k(f) = 4*f - 129. Determine k(z).
11
Let p(k) = k**2 + 9*k + 9. Let f be p(-8). Let u(o) = -4*o - 1 - o + 13*o + 8*o + 10*o. Determine u(f).
25
Let t = 5 - 2. Let m be 0 + (1 + -14 - (0 - t)). Let j = m + 2. Let v(c) = -c**3 - 7*c**2 + 7*c - 7. What is v(j)?
1
Suppose 5*v - 72 = t, v = t + 46 + 10. Let w = -46 - t. Let r(y) = w*y + y + y**2 + 0*y - 4 - 2*y. Determine r(-6).
2
Let m(d) = -17*d - 10. Let p(g) = 1. Let w(o) = -m(o) - 2*p(o). Let y(v) = -5*v - 3. Let q(s) = 2*w(s) + 7*y(s). Give q(0).
-5
Let c(l) be the third derivative of -l**5/60 - l**4/6 - 622*l**2 - l - 7. Let z(m) = m**3 + 6*m**2 - 6*m + 2. Let x be z(-7). Determine c(x).
-5
Let l(j) be the first derivative of 7*j**2/2 - 2*j - 1025. Calculate l(9).
61
Let v(n) = 4*n - 11. Let b(r) = 5*r - 11. Let a(z) = -2*b(z) + 3*v(z). Determine a(4).
-3
Suppose -5*h = 4*h + 2*h. Let m(y) = -9 + 3 + y + 8 + h. What is m(0)?
2
Let r(h) = -32*h + 56. Let u be r(2). Let i(c) = c**3 + 8*c**2 + c - 9. Give i(u).
-17
Let m(g) = 5*g**3 + g**2 - g - 1. Let v(n) = -n**2 + n + 1. Let j(x) = -m(x) - 2*v(x). Let z = 2 - -2. Suppose z = -9*k + 5*k. Calculate j(k).
6
Let l(z) be the first derivative of -z**4/4 + 4*z**3/3 - z**2/2 + 12*z - 1486. What is l(5)?
-18
Let f(u) = -13*u**2. Let t be (0/(-8))/(-2 - 1). Suppose 2*n - 1 - 1 = t. Suppose n = -2*l - 1. What is f(l)?
-13
Let j(t) = t**3 + 77*t**2 + 427*t + 68. Let h be j(-71). Let y(p) = -2*p**2 - 10*p - 10. Calculate y(h).
2
Let f(q) = -2*q**3 - 7*q**2 - 6*q + 1. Let t(s) = 202*s - 4448. Let v be t(22). Calculate f(v).
41
Let q(z) = -17 + 6*z + 25900*z**2 - 25901*z**2 + 8*z. Give q(14).
-17
Let x(s) be the first derivative of 11*s**3/3 - 2*s - 7369. Determine x(-1).
9
Let q = -2098 - -2092. Let t(y) = -3*y + 5. Let i(v) = -4*v + 6. Let p(d) = d**3 - d - 4. Let u be p(0). Let n(l) = u*i(l) + 5*t(l). Give n(q).
-5
Let b(q) = q**3 + 33*q**2 + 29*q - 96. Let v be b(-32). Suppose -2*i + 16 = r - 5*r, 5*r = -15. Let l(m) = 5*m**2 + 9 + 10 - 3 - 6*m**i + m. Give l(v).
16
Let m(b) = 20*b + 22. Let y(k) = 11*k + 13. Let p(x) = 6*m(x) - 11*y(x). Let l(s) = -s**3 + 7*s**2 + 1. Let f be l(7). Let g be 14/((f - 2)*2). What is p(g)?
-4
Let h(n) = -4*n**2 + 25*n - 1. Let l = -7919 - -7925. What is h(l)?
5
Let d(y) be the second derivative of -y**7/84 + y**6/360 + y**5/120 - 11*y**3/3 - y**2 - 46*y. Let c(p) be the second derivative of d(p). Calculate c(-1).
10
Let v = -1 + 29. Let b = 35 - v. Let w(k) be the third derivative of k**4/24 + 2*k**3/3 - 20*k**2. Calculate w(b).
11
Let s = 26 + -24. Suppose 5*g - 5*u + s*u - 22 = 0, 5*u = -g - 18. Let n(y) = -7*y - 63 + y - 3*y**g - y**2 + y**3 + 60. Determine n(5).
-8
Suppose 3*m + 3*h = 5*h - 17, 4*m - 5*h + 18 = 0. Let z(j) be the second derivative of -1/6*j**3 - 58 - j - 2*j**2. Determine z(m).
3
Let q(z) = -z**3 - 9*z**2 - 8*z + 7. Suppose 3*j = 2*h - 12, -4*j + 5*h - 2*h = 15. Let w(y) = y**3 + 6*y**2 + 3*y + 10. Let t be w(j). Give q(t).
7
Let s(d) = d**2 - 9*d + 9. Let b(w) = 2*w**3 - 4*w**2 + 2*w - 4. Let p be b(3). Let t be p + -17 + (1 - 3). Let r be 0 + (t - 4*-2). Give s(r).
9
Let n be -6*6/16 - 21/28. Let s(r) = -2*r**2 + 2*r - 4. Let v(j) = 3*j**2 - 4*j + 9. Let u(k) = n*v(k) - 5*s(k). Determine u(5).
28
Let l(g) = 17*g - 8. Let d(z) = -21*z + 9. Let x(i) = i**3 - 17*i**2 - 39*i + 15. Let k be x(19). Let u(c) = k*d(c) - 5*l(c). Calculate u(2).
2
Let t(l) = -l**2 - l + 2. Let s = 11 - -15. Let b be 40/(-440) - (-3)/33. Suppose -2*p + 30 - s = b. Give t(p).
-4
Let y(z) be the third derivative of -z**2 - 1/6*z**3 + 1/12*z**4 + 1 + 0*z. What is y(-2)?
-5
Let j(h) be the second derivative of h**5/60 - 7*h**4/24 - 35*h**3/2 + h - 88. Let x(w) be the second derivative of j(w). Calculate x(-6).
-19
Let d = 4215/2 + -2107. Let i(y) be the first derivative of -d*y**2 - 10*y + 11. Give i(-9).
-1
Suppose 4*d - 5*c = 29, -2*d + 3*c + 19 = 2*d. Let a(f) = 3 - 7*f + f + 0 + 0. Let k(u) = -12*u + 5. Let n(v) = 5*a(v) - 3*k(v). What is n(d)?
6
Suppose 4 = -2*n + 3*n. Suppose n*c = 2*c + 14. Let t(x) = 14 - x**2 - c*x - 29 + 13. Determine t(-8).
-10
Let v(g) be the first derivative of g**3/3 - g**2 - g - 1. Suppose -5*n - i = 3310, -2*n - 2*n = 4*i + 2632. Let j = 662 + n. Calculate v(j).
2
Let n(z) = -z**3 + 4*z**2 - 5*z + 8. Let v be n(3). Let k(b) = -3*b**2 + b**3 + 15 - 5*b**2 - 16 + b**2 + 3*b**2. Determine k(v).
-9
Let s(h) = 1. Let i(d) = 10*d - 5. Let c(u) = -i(u) - 2*s(u). Let p = -452 + 435. Let g(r) = 8*r + 138. Let t be g(p). Give c(t).
-17
Let g(w) = w - 5. Let d(f) = f**3 - 4*f**2 - 12*f + 3. Let m be (-1*12/14)/((-5)/35). Let o be d(m). Calculate g(o).
-2
Let j(z) be the third derivative of 5/2*z**3 + 1/24*z**4 + 0 + 8*z + 6*z**2. Calculate j(0).
15
Let o(x) = x**2 + 17. Suppose -2*f = -3*g - 6*f + 29, 4*g - f = 7. Suppose -21 + 21 = g*d. Determine o(d).
17
Let x(i) = -2*i**2 + 48*i - 283. Suppose -2*m = -11*d + 12*d - 27, -4 = m - 2*d. What is x(m)?
-3
Let x(r) = -2*r - 4. Let j(o) = o**3 - 3*o**2 + 7*o - 5. Let s be j(2). Suppose 3*g = -3*f + 6, g - 10*f - 2 = -s*f. Determine x(g).
-8
Let d(t) = 7*t. Let x be -4*(-1)/(-2) - (-4 + -47). Let o = x - 54. Determine d(o).
-35
Let x(y) = -37*y**3 - 9*y - 1645. Let l(w) = 20*w**3 + 5*w + 914. Let v(m) = -9*l(m) - 5*x(m). Suppose 3*c - 2*c = -1. Determine v(c).
-6
Let u(j) be the first derivative of -42*j**2 - 164*j - 6202. What is u(-2)?
4
Let j(r) = r**2 + 27*r + 62. Let a = 1229 + -1254. What is j(a)?
12
Let n(s) = -7*s**3 - s**2 + 6*s + 5. Let y(c) = 2*c**2 + 8*c + 7. Let i be y(-2). Give n(i).
5
Let x be (-2 - 10/(-4))/((-4)/(-24)). Suppose -2*s + 3*v + 16 = -0*s, 0 = -x*s + 5*v + 25. Let o(t) = 8*t - s*t - 12*t. Determine o(-2).
18
Let f(w) = 0*w + 16 + 31*w - 16 - 19*w + 2*w**2. What is f(0)?
0
Let g be -12 - 2*(3 - 7). Let b(f) = -5*f + 11. Calculate b(g).
31
Let t = 995 + -983. Suppose t = -4*x, -2*x = -17*b + 19*b + 18. Let r(k) = 0*k - 3*k - 6 - 3. What is r(b)?
9
Let g be 18/10*(-1200)/720. Let u(a) be the first derivative of a**3/3 + a**2/2 - 2*a - 51. Calculate u(g).
4
Suppose h + 25 = -599*s + 598*s, -3*h + 4*s = 131. Let o(q) = -12*q - 385. What is o(h)?
11
Suppose 0 = 5*g - 4*f - 11, g + 0*g - 4*f + 1 = 0. Let t(j) = 410*j**2 - 1034*j**2 + 4 + 621*j**2 + j**3 - j. Determine t(g).
1
Let s be (-111)/1813*14*56/6. Let x(a) = -3*a**2 - 20*a - 13. Let u(r) = -r**2 - 7*r - 4. Let g(d) = -7*u(d) + 2*x(d). Give g(s).
-6
Let q(w) = w. Let m(h) = -11*h - 5. Let g(i) = m(i) + 4*q(i). Let a be 78/65*((-20)/6)/(-10 + 12). Calculate g(a).
9
Let b(w) = -w - 5. Suppose -3*d + 6*n + 35 = n, 0 = 5*d + 2*n - 